 - 106960 = 0, -3*r + u = -1. Is 1*(-1)/(-4) - q/(-60) prime?
False
Let s be 3768/(-36) + 4/6. Let w be (-1 - (-15)/13) + 120/s. Is ((-4)/12)/(w/3261) a prime number?
True
Let j = 61 - 54. Let l(y) = 2*y**3 - 13*y**2 - 6*y - 9. Let u be l(j). Is (-1335)/u + 57/38 a composite number?
True
Let g be (-3)/(-4)*(-112)/(-2). Let i(z) = -18 - 8 + 39*z + g. Is i(9) composite?
False
Let z = -296 + 3124. Suppose -15*x - 2812 = -2*u - 12*x, 2*u + 5*x - z = 0. Is u composite?
False
Suppose 0 = 15*d - 49611 - 1974. Is d a composite number?
True
Let t(x) be the first derivative of x**2/2 + 40*x + 7. Let j be t(-13). Suppose 33*d - 18642 = j*d. Is d composite?
True
Suppose k - p + 44 = 0, 3*k + 63 = p - 79. Let w = -71 - 1. Let o = k - w. Is o a composite number?
False
Let y(d) = -961*d + 6. Let w be (-80)/30*18/(-4). Suppose 7*s + 19 = w. Is y(s) composite?
False
Let r(t) = -12*t**2 - 9*t**3 + 6*t**3 + 4*t**3 + 11*t - 3 + 4. Let p be r(11). Let l(c) = 4928*c**3 - c**2 + 2*c - 2. Is l(p) composite?
True
Let q(l) = -81*l - 17. Let d(w) = 9 - 1 - 2 + 3*w. Let v be d(-4). Is q(v) prime?
False
Suppose 2*g + 22 = 4*q, 5*q = 3*g + 7 + 23. Suppose 33 + q = 3*i. Is 5/2*i/(-15) + 265 prime?
True
Let p be -1*(378/10 - 1/(-5)). Suppose 156 = -4*d - 52. Let w = p - d. Is w prime?
False
Suppose -a - 3*m = -15 - 17, 0 = 2*a - 4*m - 74. Suppose 3*x = -5*g + a, 2*g - 11 = -3*x + 3*g. Suppose -9*k + 12 = -6*k, 5*w - 315 = -x*k. Is w a prime number?
True
Let w be -5*(97464/(-10))/(-6). Let o = 25657 + w. Suppose -5*p = 2*g - 16863, -5*p + g = 684 - o. Is p composite?
False
Suppose 3*u = 4*m + 12571 + 13861, 2*u - 5*m = 17612. Suppose 8*r - 28088 = -u. Suppose 3*l + 4*w = r, -w = -2*l - 3*w + 1604. Is l a composite number?
True
Suppose 30 - 24 = 3*w. Suppose -3*u + 14 = -w*i + 6, -5*i = -2*u + 20. Is 1 + 214 + (i - -2) a composite number?
True
Suppose 0 = -38*y + 203 + 557. Let z(g) = 25*g + 0 - 3 - 6. Is z(y) a composite number?
False
Let i = 12732 - 8818. Suppose -3*c - i = -11315. Is c a composite number?
False
Suppose 157*b - 174543 = 74*b + 80*b. Is b a prime number?
False
Is (23/92 - (-5)/(-4)) + (-16 - -38823) composite?
True
Suppose 4*t - 3*x = 13, -x = -t + 2*x + 1. Suppose 2*y + 3*q - 26090 = 0, -t*q = y - 7*q - 13036. Is y a prime number?
False
Let n = 44454 + 18430. Is 75/125 - n/(-10) prime?
False
Suppose 87*g + 7448 = 80*g. Let r = -197 + 382. Let p = r - g. Is p prime?
True
Let y be 16*(-23)/(-1) + -23 + 17. Let u = 1079 - y. Is u prime?
False
Suppose 4*w + v - 246119 = 0, 0 = w - 182*v + 184*v - 61521. Is w a prime number?
False
Is 0 + ((-30827031)/(-4329) - 2/39) composite?
False
Suppose 19 = -h + 2*h. Let m = -14 + h. Suppose 4*p + c = p + 330, 0 = 3*p + m*c - 342. Is p a prime number?
True
Let v = 129144 + -353049. Is (-1)/((-89397)/v - (-2)/(-5)) prime?
False
Let m(h) = -2173*h + 614. Is m(-15) prime?
False
Let z be (-24)/(-4)*(-4)/(-6). Let r = 9 - z. Suppose n + 3*n = j + 1012, r*j = 0. Is n a composite number?
True
Suppose n + 13 = 2*n + 2*k, 2*k = -4*n + 22. Let w(y) = 12 - 3 + 26*y**2 + n*y**2 - 4*y + 27*y**2. Is w(4) composite?
True
Is (-1)/5*2 - 1268433/(-45) prime?
False
Let c(y) = 4874*y**2 - 248*y - 43. Is c(-6) a composite number?
True
Let l(v) = -1770*v - 7. Let w = -113 - -110. Is l(w) a composite number?
False
Suppose 7*l + 2*l - 135 = 0. Suppose 5*d = -l, 3*f + 4*d - 453 - 636 = 0. Is f a prime number?
True
Let h = 13 - 8. Is ((-3188)/h)/(11/(275/(-10))) prime?
False
Let i(z) = z**3 - z**2 - z + 1. Let b(t) = -t**3 + 4*t**2 - 4*t - 16. Let j be (85/15 - 6)/((-2)/6). Let y(f) = j*b(f) + 3*i(f). Is y(10) composite?
False
Let y(g) = 5*g**2 - g - 2. Let w be 4 - 6 - (2 + -3)*1. Let l be y(w). Suppose -4*f + 2*f - 11673 = -5*z, -16 = l*f. Is z prime?
True
Let c = -978 - -24420. Suppose 9 = 3*k, 11*q - 3*k = 8*q + c. Is q a prime number?
True
Suppose -13*o = -10*o + m - 502565, 4*m - 837613 = -5*o. Is o a prime number?
True
Let s(w) = 20*w**3 + 6*w**2 + 7*w - 2. Let q(y) = -y**3 + y**2. Let f(x) = q(x) - s(x). Let h be f(-5). Let t = h + -1218. Is t composite?
False
Let n(m) = 3*m - 7. Let g be n(3). Suppose g*u + 0*u = -3*a + 3, 3 = -3*a. Suppose -u*t + s = -67 - 418, -3*t + 475 = 4*s. Is t composite?
True
Let a(y) = 2*y + 0*y + 15 - 3 - 3*y. Let i be a(7). Suppose 2*v - j + 137 - 792 = 0, 15 = -i*j. Is v a prime number?
False
Suppose 0 = 4*b + 2*o - 74, -4*o + 8*o - 28 = -2*b. Suppose 4*n + 2*q - 66808 = 0, b*n - 23*n - q + 50107 = 0. Is n composite?
False
Suppose -5*s - 2 - 38 = 0. Let v(o) = -2*o**3 + 7*o**2 + 4*o. Let l(u) = 5*u**3 - 15*u**2 - 8*u - 1. Let q(b) = -3*l(b) - 7*v(b). Is q(s) composite?
True
Suppose -3*x + 5*x = 3*p - 57533, 0 = 6*p + 4*x - 115106. Is p prime?
True
Let i(c) = -506*c + 120. Let x be i(8). Let g = -1955 - x. Is g prime?
True
Suppose 4*c = -31 + 3, 0 = -4*a - 3*c + 232543. Is a a composite number?
True
Let o(s) = 7*s - 44. Let t(x) = -x**3 - 6*x**2 - 8*x - 9. Let g be t(-5). Let q be o(g). Is (25/25)/(q/(-958)) prime?
True
Suppose -14*l + 2594 = -14752. Let c = l - -3272. Is c prime?
False
Let f(c) = 7*c**3 - 4*c**2 - 48*c + 161. Is f(12) a prime number?
False
Suppose 8*d - 12 = 20. Suppose -6955 = -d*b + 3*z, z + 3*z + 6960 = 4*b. Is b composite?
True
Let f(i) = 6*i**2 + 13 + 4*i + 189*i**3 - 4 - 266*i**3. Let r be f(-4). Suppose -2*q + r = -7689. Is q a composite number?
False
Let c = 154 + -151. Suppose c*y = -5*d + 37402, -8*y + 49879 = -4*y - 3*d. Is y composite?
True
Let l(n) = -344*n - 51. Let q = -64 - -158. Let d = q - 107. Is l(d) a composite number?
False
Let v(j) = 7*j**3 + 31*j**2 + 57*j + 38. Let u(c) = 11*c**3 + 46*c**2 + 85*c + 57. Let s(w) = 5*u(w) - 8*v(w). Is s(-24) a prime number?
False
Suppose -3*c + 0 = 2*z - 17, -4*z = -2*c - 10. Suppose -3*m = 2*q + 26, 5*q - 4*m = -z - 15. Let o(a) = -78*a + 7. Is o(q) a composite number?
True
Suppose 1 = -19*f + 18*f. Let r be f - 0 - (-1 + 15/(-5)). Suppose 0 = -r*s - 9, 0 = z - 2*s - 3*s - 1092. Is z a prime number?
False
Let l(p) = 116*p**3 - 3*p**2 + 5*p - 9. Let v(m) = -12*m + 26. Let a be v(2). Is l(a) composite?
True
Suppose -107 = -o - 19. Let j = -86 + o. Suppose j*w - 142 = 88. Is w a composite number?
True
Let a be (-1 + -2)/(3/9). Let g be (-45)/(-30)*(-2 - -3)*2. Is -3*(-785 - g/a*-6) composite?
True
Suppose u + 17*u - 1683198 = 0. Suppose 4*p + 30627 = u. Is p composite?
True
Suppose 3*t - 2*w = 1, 3*t - w - 4*w = -2. Let x(q) = 551*q**2 + 0*q + 3*q + 1 + 599*q**2 - 3. Is x(t) composite?
False
Let p = 66 - 82. Let i be -3 + 1 + (-11 - p). Suppose 0 = -4*u - s + 1019, -3*u = -i*s - 418 - 335. Is u composite?
True
Let l be ((-24)/(-32))/((-2)/(-176)). Suppose 4*b = l + 7522. Is b a composite number?
True
Suppose 5*w = 4*u + 9, -2*u - 2*w - 21 + 39 = 0. Suppose 0*m = -2*g - m + 45479, u*g + 5*m = 90961. Is g composite?
False
Suppose 34*f = 28*f + 96558. Suppose -4*o + 6135 + f = 0. Is o a prime number?
True
Let b(x) = -29*x - 3137. Let q(p) = -15*p - 1568. Suppose 17*v = 11*v - 18. Let w(n) = v*b(n) + 5*q(n). Is w(0) a prime number?
True
Suppose -86*v - 402653 - 52530 = -105*v. Is v composite?
False
Let a(t) = -3*t - 38. Let m be a(-12). Let h = 9 + m. Suppose -g + 0 = 4*q - h, 0 = -g + 2*q + 25. Is g a prime number?
True
Suppose 663789 = -7*b + 5*u + 2760306, 4*u + 8 = 0. Is b a composite number?
False
Let o be 695829/(-12) - (-12)/16. Is 2/(-3) + o/(-15) a composite number?
True
Suppose 82127 - 483718 - 126583 = -18*s. Is s a composite number?
True
Suppose -32*j = -23*j + 34128. Let i = 4709 - j. Is i a prime number?
True
Suppose 0 + 2 = n. Let i be (11/(-44))/(n/(-424)). Suppose i = 2*y - 193. Is y a composite number?
True
Suppose -4*t - 250240 + 621926 = 5*d, 223038 = 3*d - 2*t. Is d a prime number?
False
Let k(l) = -2*l**2 - 18*l - 16. Let j be k(-7). Let h(b) = b**2 - 8*b - 41. Is h(j) composite?
False
Let i(h) = h - 2. Let k(q) = 722*q - 67. Let l(x) = -3*i(x) + k(x). Is l(6) a composite number?
False
Suppose 316080 = 16*w + 8*w. Let v = -7471 + w. Is v prime?
False
Suppose -12*u + 7456 = -110600. Let x = -1869 + u. Is x a prime number?
False
Let o(s) be the second derivative of s**5/4 - s**4/3 - 7*s**3/6 - 9*s**2/2 - 3*s. Let t be o(6). Suppose -5*g + t = -640. Is g a prime number?
False
Let v(h) = -30*h**3 - 8*h**2 + 131*h + 188. Is 